tor of 19 and m.
19
Let k be 6/((-21)/(-28) + 0) + -3. Let p = -5 - -25. Calculate the greatest common factor of k and p.
5
Let b be (10/(-4))/(9/(-18)). Suppose 0 = b*y + 37 + 93. Let x be y/(-39) - (-34)/3. What is the highest common factor of x and 48?
12
Suppose 2*w = -0*w + 12. Suppose -3*c + 0*c - w = 0, -3*c - 70 = -4*f. What is the highest common factor of f and 4?
4
Suppose 0 = 394*b - 397*b + 3024. What is the highest common factor of b and 189?
63
Let v(p) = -36*p - 99. Let x be v(-8). Calculate the greatest common divisor of x and 7.
7
Suppose 313*p - 1716 = 300*p. Calculate the highest common factor of p and 616.
44
Let w = 20 + -42. Let b = -12 - w. Suppose -6*t = -5*t - b. Calculate the highest common divisor of t and 25.
5
Suppose 4*q + 3*x - 27 = 3*q, -3*q + 2*x + 37 = 0. Calculate the highest common divisor of q and 55.
5
Let m be ((-88)/(-112) - (-2)/(-7))*1458. What is the highest common divisor of m and 162?
81
Let z = -16 - -19. Suppose -5*a = -g + 16 + z, 98 = 2*g + 2*a. What is the highest common divisor of g and 4?
4
Let g(k) = 6*k**3 - 1. Suppose 0 = -3*d + d - 2. Let y be g(d). Let r(x) = -13*x - 3. Let f be r(y). Calculate the highest common factor of f and 11.
11
Suppose l - 37 = -2*d - 4, -5*l = 5*d - 90. Suppose -55 + 14 = -3*w + 4*s, -4*w - 3*s + 63 = 0. What is the highest common divisor of d and w?
15
Suppose f = 4*s - 51, 2*s - 3*f - 16 = 7. What is the greatest common factor of 91 and s?
13
Suppose z + 5*l = -2*z + 70, -20 = -4*l. Let f = 220 + -145. Calculate the greatest common divisor of f and z.
15
Let c(f) = 3*f**2 + 2*f - 3. Let o be c(2). Suppose -2*r + r + h + 57 = 0, 2*h - 2 = 0. Let t = r - 45. What is the highest common divisor of o and t?
13
Suppose 0 = -70*b + 67*b + 504. What is the highest common divisor of 224 and b?
56
Let n = 158 - -286. What is the greatest common divisor of n and 12?
12
Let k(l) = l - 9. Let s be k(5). Let p be (1/(-3))/(s/84). Calculate the highest common divisor of 63 and p.
7
Let x(o) = -o**2 + 6*o - 2. Let f be x(6). Let h be (-9)/((f/56)/(2/12)). Calculate the greatest common divisor of 14 and h.
14
Suppose -o - 4*u = -3*o + 18, 4*o - 45 = -u. Let n = o - 9. Suppose 0 = n*a + 2*v - 298, 2*v = 5*a - 348 - 404. Calculate the highest common factor of a and 15.
15
Let m = 81 - 79. Suppose -y = -3*y + 6. Suppose 0 = -4*x - a + y - 0, -3*x + 21 = -3*a. What is the greatest common factor of x and m?
2
Let i = -1067 + 1102. What is the highest common divisor of i and 133?
7
Let w be (-6 + 4)/((-2)/6). Let f = 24 - 34. Let r(p) = -p**2 - 11*p + 2. Let b be r(f). What is the highest common divisor of w and b?
6
Let x(g) = 2*g**2 - 12*g + 58. Let j be x(4). What is the greatest common factor of j and 42?
42
Let a = -569 - -585. What is the highest common divisor of 944 and a?
16
Suppose y + 16 = 3*g, 0*g - 2*y = 3*g - 31. Let o be -8*(2 + 2 - 6). Let t = o - -33. What is the greatest common factor of t and g?
7
Let u(z) = -z**3 - 4*z**2 - 4*z. Let s be u(-3). Suppose 7*i + 29 = 71. What is the greatest common divisor of i and s?
3
Suppose -149 + 103 = -2*b. Suppose 4*s - 5*y = 72, 5*s - 99 = y + 3*y. What is the highest common divisor of s and b?
23
Let c(k) = k**2 + 3*k - 17. Let i be c(-6). What is the highest common divisor of i and 14?
1
Let n = 143 + -129. Calculate the highest common factor of n and 2.
2
Suppose 2*g - 5*g = -4*y - 20, g - 3*y - 5 = 0. Let o(c) = 17*c**2 - 1. Let s be o(-1). Calculate the highest common factor of g and s.
8
Let s = 398 + -214. Let k = 8 - -15. Calculate the greatest common divisor of k and s.
23
Let y = -58 - -54. Let r(t) = t**3 + 4*t**2 - 5*t - 10. Let x be r(y). What is the highest common factor of 50 and x?
10
Suppose -3*h = -5*h + 108. Let l(p) = 41 + 3 + 29 + 8 + p. Let y be l(0). Calculate the highest common divisor of y and h.
27
Let x = 7 + -11. Let h be x*2/(-6)*-6. Let b = 20 + h. Calculate the highest common factor of b and 24.
12
Suppose -107 = -3*d + 184. Let m = d + -34. Calculate the highest common factor of m and 21.
21
Suppose 0 = -4*j + 2*y + 112 + 180, -355 = -5*j + 5*y. Suppose 0 = -5*s - 0*s + j. Suppose -l - 4 + s = 0. What is the greatest common factor of 99 and l?
11
Suppose 67 - 3 = 8*o. What is the highest common divisor of o and 648?
8
Suppose -5*f + 72 = -s, 9*s - 3 = 8*s. Calculate the greatest common factor of 1185 and f.
15
Suppose p = 4*p - 9. Suppose 2*b - 11 = -p*d, 2*b + 38 = -2*d + 6*d. Calculate the greatest common divisor of 14 and d.
7
Suppose -x + 6 = 4*j, 3*x + 0*j - 3*j = 3. Suppose 5*c = 8 + 2. Suppose -c*y + 180 = x*y. Calculate the highest common factor of y and 30.
15
Let s = 20 - -31. Suppose -7*t = -4*t - s. What is the highest common divisor of 17 and t?
17
Let s = -40 + 34. Let x = s - -10. Suppose 0 = x*c - 75 + 27. What is the highest common divisor of c and 12?
12
Let d be (-3 - 59)/(-2) - -4. Suppose 5*f = -r + d, 0*f = -f + 2*r + 18. Calculate the highest common divisor of 12 and f.
4
Suppose 0 = 6*r + 142 + 44. Let x = 44 + r. Calculate the greatest common factor of x and 13.
13
Suppose 2*v - 3*w - 231 = 0, 4*v + 119 = -3*w + 536. Calculate the greatest common factor of v and 48.
12
Suppose 5*h + 4*p - 286 = 0, -p - 120 - 38 = -3*h. What is the greatest common divisor of 42 and h?
6
Suppose c - 9 = 2*c - 4*s, 3*c - 3*s = 0. Let b(m) = -2*m**2 - m + 47. Let l be b(-5). What is the highest common factor of c and l?
1
Let s be (-2)/(-8) - 124/(-16). What is the highest common factor of 320 and s?
8
Suppose 368 - 1004 = -4*d. Suppose 5*a + 3*u - 179 = -8, -4*a + 5*u = -d. What is the greatest common factor of a and 54?
18
Let d = 1017 + -397. What is the greatest common divisor of d and 20?
20
Suppose 125 = 2*h - 5. What is the highest common factor of h and 5?
5
Let z(i) = 2*i**2 + 64*i + 27. Let p(r) = 3*r - 59. Let f be p(9). Let w be z(f). Calculate the greatest common divisor of 54 and w.
27
Let o(w) = w**2 + 6*w + 19. Suppose 4*q + 24 = -4*h, 0*q + 17 = -3*h - 2*q. Let d be o(h). Calculate the greatest common divisor of d and 56.
14
Let l(k) = 205*k**2 - 1. Let u be l(-1). Let h be 12/(-30) - u/(-10). Suppose g - 119 = -2*j, g + 42 = j - 19. Calculate the greatest common divisor of j and h.
20
Let f be -22*1*7/(-7). What is the highest common divisor of f and 352?
22
Let y be 4 + 0 - (0 + 1). Let s be 0 + 5 - (-128)/(10/5). Suppose v = y - 0, 2*t = -v + s. Calculate the greatest common factor of t and 22.
11
Suppose 1 + 3 = w. Suppose -40 + 56 = w*l. Calculate the highest common factor of l and 2.
2
Suppose 0 = 10*l - 139 - 111. Suppose l*v = 22*v + 24. Let x = 5 + -1. What is the greatest common factor of v and x?
4
Suppose 5*i - 4*h - 63 = 0, -3*i - 4*h - 41 = -6*i. Let u = -24 + 45. Suppose -16*s + u*s = 275. What is the highest common factor of i and s?
11
Let o = 22 - 18. Let n be o/(-14) - (-242)/14. What is the greatest common factor of 119 and n?
17
Let r be 431/5 + -12 + 512/40. What is the greatest common factor of 145 and r?
29
Let d(l) = l + 37. Suppose -2*s = 2*i + 12, -3*s + 9*i = 4*i + 58. Let j be d(s). What is the highest common divisor of j and 234?
26
Suppose 7*r = -r + 3*r. Suppose 5*v + 3*y = 79, 3*y + 19 = 2*v - r*v. Calculate the greatest common divisor of v and 2.
2
Let m = -1 - -4. Suppose m*q + 5*x = -2*q + 330, 5*x = 5*q - 370. Suppose -4*y + q + 50 = 0. What is the highest common divisor of y and 20?
10
Suppose -157*g = -146*g - 154. What is the greatest common divisor of g and 10?
2
Let z = 870 + -863. What is the highest common factor of z and 2359?
7
Suppose -s + 2*z = -65, 5*s - 319 = -3*z + 7*z. Suppose -4*p - 5*g = -193, p - 4*g - 67 = -9*g. Calculate the highest common factor of s and p.
21
Suppose 2*m - 2 = m. Suppose -4*t + 2*a = 52, -4*t = -3*a + m*a + 48. Let s(i) = -4*i - 20. Let c be s(t). Calculate the greatest common factor of 12 and c.
12
Let b(w) = 29*w**2 - 2. Let n be b(-2). Let o = 258 + 56. Suppose -2*h - n = -o. What is the greatest common factor of 40 and h?
20
Suppose 2*o + 20 = -2*j, 0*j + j + 1 = 2*o. Let f = 16 + j. Suppose 0 = b + 2*b - 81. Calculate the highest common factor of f and b.
9
Let v = -221 - -251. Calculate the highest common factor of 150 and v.
30
Let u be 365/15 + 5 + 2/3. Suppose -15 = -b - 0. Calculate t